{"id":31,"date":"2019-03-24T10:46:17","date_gmt":"2019-03-24T10:46:17","guid":{"rendered":"http:\/\/demosdivi.lovelyconfetti.com\/sally\/?page_id=31"},"modified":"2023-12-05T17:00:50","modified_gmt":"2023-12-05T16:00:50","slug":"mi-historia","status":"publish","type":"page","link":"https:\/\/rosanaample.com\/home\/mi-historia\/","title":{"rendered":"MI HISTORIA"},"content":{"rendered":"<p>[et_pb_section fb_built=\u00bb1&#8243; admin_label=\u00bbPage Header\u00bb _builder_version=\u00bb4.5.0&#8243; background_enable_image=\u00bboff\u00bb custom_padding=\u00bb67px|0px|67.1875px|0px|false|false\u00bb animation_style=\u00bbzoom\u00bb animation_intensity_zoom=\u00bb4%\u00bb global_colors_info=\u00bb{}\u00bb][et_pb_row _builder_version=\u00bb4.5.0&#8243; background_size=\u00bbinitial\u00bb background_position=\u00bbtop_left\u00bb background_repeat=\u00bbrepeat\u00bb min_height=\u00bb156px\u00bb custom_margin=\u00bb-108px|auto||auto||\u00bb custom_padding=\u00bb||18px|||\u00bb animation_style=\u00bbslide\u00bb animation_direction=\u00bbtop\u00bb animation_intensity_slide=\u00bb3%\u00bb global_colors_info=\u00bb{}\u00bb][et_pb_column type=\u00bb4_4&#8243; _builder_version=\u00bb3.25&#8243; custom_padding=\u00bb|||\u00bb global_colors_info=\u00bb{}\u00bb custom_padding__hover=\u00bb|||\u00bb][et_pb_divider show_divider=\u00bboff\u00bb disabled_on=\u00bbon|on|off\u00bb _builder_version=\u00bb3.2&#8243; max_width=\u00bb120px\u00bb animation_style=\u00bbslide\u00bb animation_direction=\u00bbtop\u00bb animation_intensity_slide=\u00bb30%\u00bb global_colors_info=\u00bb{}\u00bb][\/et_pb_divider][\/et_pb_column][\/et_pb_row][\/et_pb_section][et_pb_section fb_built=\u00bb1&#8243; admin_label=\u00bbAbout Us Section\u00bb _builder_version=\u00bb4.5.3&#8243; background_enable_image=\u00bboff\u00bb min_height=\u00bb1658px\u00bb custom_margin=\u00bb-127px|5%||5%||\u00bb custom_margin_tablet=\u00bb\u00bb custom_margin_phone=\u00bb|0px||0px\u00bb custom_margin_last_edited=\u00bbon|phone\u00bb custom_padding=\u00bb0%||139px|||\u00bb animation_style=\u00bbzoom\u00bb animation_direction=\u00bbtop\u00bb animation_intensity_zoom=\u00bb5%\u00bb box_shadow_style=\u00bbpreset7&#8243; box_shadow_horizontal=\u00bb0px\u00bb box_shadow_vertical=\u00bb-200px\u00bb box_shadow_color=\u00bb#ffffff\u00bb global_colors_info=\u00bb{}\u00bb][et_pb_row column_structure=\u00bb1_2,1_2&#8243; _builder_version=\u00bb4.11.4&#8243; _module_preset=\u00bbdefault\u00bb global_colors_info=\u00bb{}\u00bb][et_pb_column type=\u00bb1_2&#8243; _builder_version=\u00bb4.11.4&#8243; _module_preset=\u00bbdefault\u00bb global_colors_info=\u00bb{}\u00bb][et_pb_cta title=\u00bb\u00a1Hola! Soy Rosana\u00bb button_text=\u00bbClics\u00bb _builder_version=\u00bb4.11.4&#8243; _module_preset=\u00bbdefault\u00bb header_font=\u00bbMontserrat||||||||\u00bb header_font_size=\u00bb27px\u00bb body_font=\u00bbMontserrat||on||||||\u00bb body_text_align=\u00bbcenter\u00bb body_font_size=\u00bb20px\u00bb background_color=\u00bb#463876&#8243; global_colors_info=\u00bb{}\u00bb]<\/p>\n<p>&nbsp;<\/p>\n<p><b>Escritora, h\u00e1bil comunicadora, emprendedora, casada y mam\u00e1 de un ni\u00f1o.<\/b><\/p>\n<p>[\/et_pb_cta][\/et_pb_column][et_pb_column type=\u00bb1_2&#8243; _builder_version=\u00bb4.11.4&#8243; _module_preset=\u00bbdefault\u00bb global_colors_info=\u00bb{}\u00bb][et_pb_image src=\u00bbhttps:\/\/rosanaample.com\/wp-content\/uploads\/2023\/02\/ROSANA-8865-1.jpg\u00bb title_text=\u00bbROSANA-8865&#8243; _builder_version=\u00bb4.11.4&#8243; _module_preset=\u00bbdefault\u00bb global_colors_info=\u00bb{}\u00bb][\/et_pb_image][\/et_pb_column][\/et_pb_row][et_pb_row _builder_version=\u00bb4.11.4&#8243; _module_preset=\u00bbdefault\u00bb global_colors_info=\u00bb{}\u00bb][et_pb_column type=\u00bb4_4&#8243; _builder_version=\u00bb4.11.4&#8243; _module_preset=\u00bbdefault\u00bb global_colors_info=\u00bb{}\u00bb][et_pb_text _builder_version=\u00bb4.11.4&#8243; _module_preset=\u00bbdefault\u00bb text_font=\u00bbMontserrat||||||||\u00bb text_text_color=\u00bb#000000&#8243; text_font_size=\u00bb17px\u00bb text_orientation=\u00bbcenter\u00bb min_height_tablet=\u00bb\u00bb min_height_phone=\u00bbauto\u00bb min_height_last_edited=\u00bbon|phone\u00bb height_tablet=\u00bb\u00bb height_phone=\u00bbauto\u00bb height_last_edited=\u00bbon|phone\u00bb max_height_tablet=\u00bb884px\u00bb max_height_phone=\u00bb4000px\u00bb max_height_last_edited=\u00bboff|desktop\u00bb custom_margin_tablet=\u00bb\u00bb custom_margin_phone=\u00bb\u00bb custom_margin_last_edited=\u00bbon|phone\u00bb custom_padding_tablet=\u00bb\u00bb custom_padding_phone=\u00bb\u00bb custom_padding_last_edited=\u00bbon|desktop\u00bb text_font_size_tablet=\u00bb17px\u00bb text_font_size_phone=\u00bb17px\u00bb text_font_size_last_edited=\u00bbon|phone\u00bb inline_fonts=\u00bbMontserrat\u00bb global_colors_info=\u00bb{}\u00bb]<\/p>\n<p style=\"text-align: center;\"><span style=\"font-weight: 400; color: #463876;\"><b>A\u00a0 mis 16 a\u00f1os:<\/b><\/span><\/p>\n<p><span style=\"font-weight: 400;\">\u00a0<span class=\"agsdi-icon i-agsdi-clip\" data-icon=\"agsdi-clip\" style=\"color: #463876!important; font-size: 20px;\">clip icon<\/span>Me encantaba el mundo esot\u00e9rico.<\/span><\/p>\n<p><span style=\"font-weight: 400;\"><span class=\"agsdi-icon i-agsdi-clip\" data-icon=\"agsdi-clip\" style=\"color: #463876!important; font-size: 20px;\">clip icon<\/span>Ten\u00eda muchas preguntas de las que no obtuve respuesta<\/span><\/p>\n<p><span style=\"font-weight: 400;\"><span class=\"agsdi-icon i-agsdi-clip\" data-icon=\"agsdi-clip\" style=\"color: #463876!important; font-size: 20px;\">clip icon<\/span>Quer\u00eda ser astr\u00f3loga<\/span><\/p>\n<p><span style=\"font-weight: 400;\"><b><span style=\"color: #463876;\">Y a los 19 me ech\u00e9 novio y me perd\u00ed.<\/span><\/b><\/span><\/p>\n<p><span style=\"font-weight: 400;\">Y la ilusi\u00f3n e inocencia de los 16 a\u00f1os se desvaneci\u00f3.<\/span><\/p>\n<p><span style=\"font-weight: 400;\">El miedo que sent\u00eda a perder a mi pareja de entonces y mi falta de autoestima tomaron el protagonismo.<\/span><\/p>\n<p><b><span style=\"color: #463876;\">Y as\u00ed viv\u00ed, durante 9 a\u00f1os, alienada.<\/span>\u00a0<\/b><\/p>\n<p><span style=\"font-weight: 400;\">Cada a\u00f1o que pasaba, me alejaba m\u00e1s y m\u00e1s de mi esencia y no era nada consciente de lo que significaba la felicidad y el bienestar de verdad en una relaci\u00f3n.<\/span><\/p>\n<p><span style=\"font-weight: 400;\">Un d\u00eda, la tristeza se adue\u00f1\u00f3 de mi vida:<\/span><\/p>\n<p><span style=\"font-weight: 400;\">Me despertaba cada d\u00eda con un pesar muy fuerte, lloraba constantemente y no sab\u00eda el por qu\u00e9.<\/span><\/p>\n<p><span style=\"font-weight: 400;\">Comenc\u00e9 a ir a terapia a escondidas de <\/span><i><span style=\"font-weight: 400;\">\u00e9l<\/span><\/i><span style=\"font-weight: 400;\">, ya que no lo aprobaba.<\/span><\/p>\n<p><span style=\"font-weight: 400; color: #463876;\"><b>Para que te hagas una idea del infierno en el que me encontraba. Como siempre digo, viv\u00ed un aut\u00e9ntico secuestro voluntario.<\/b><\/span><\/p>\n<p><span style=\"font-weight: 400;\">En muy pocos meses por fin despert\u00e9, le dej\u00e9 y por tanto, romp\u00ed los grilletes que me manten\u00edan en esa relaci\u00f3n t\u00f3xica.<\/span><\/p>\n<p><span style=\"font-weight: 400;\">Por primera vez en casi una d\u00e9cada, me sent\u00eda libre.\u00a0<\/span><\/p>\n<p><span style=\"font-weight: 400;\">Entonces comenc\u00e9 a recordar mi identidad de adolescente, record\u00e9 aquella ni\u00f1a de 16 a\u00f1os que un d\u00eda le pidi\u00f3 un deseo a las estrellas.<\/span><\/p>\n<p><span style=\"font-weight: 400;\">Deseos que comenzaban siempre as\u00ed:<\/span><\/p>\n<p><i><span style=\"font-weight: 400;\">\u201cCuando sea mayor deseo\u2026 vivir fuera de Espa\u00f1a.\u201d<\/span><\/i><\/p>\n<p><span style=\"color: #362375;\"><span style=\"font-size: large;\"><b>Y <\/b><\/span><b>por fin lleg\u00f3 la hora de cumplir ese deseo.<\/b><\/span><\/p>\n<p><span style=\"font-weight: 400;\">Sin embargo, no hab\u00eda sanado emocionalmente, as\u00ed que volv\u00ed a caer en brazos de un <\/span><i><span style=\"font-weight: 400;\">hombre t\u00f3xico.<\/span><\/i><\/p>\n<p><span style=\"font-weight: 400;\">Esta vez no necesit\u00e9 9 a\u00f1os, en tan solo unos meses mi relaci\u00f3n ya hac\u00eda aguas.<\/span><\/p>\n<p><span style=\"font-weight: 400;\">No obstante, me cost\u00f3 mucho pasar p\u00e1gina.<\/span><\/p>\n<p><span style=\"font-family: Montserrat; font-weight: normal;\">Debido a la presi\u00f3n de ver a todas mis amigas casadas y con hijos, y a mi volviendo a casa de mis padres a mi edad, sin trabajo y sin dinero.<\/span><br \/><b><\/b><\/p>\n<p><span style=\"color: #463876; font-size: large;\"><b>Me sent\u00eda un fiasco.<\/b><\/span><\/p>\n<p><span style=\"font-weight: 400;\">As\u00ed que volv\u00ed a hacer varios tipos de terapia, y en plena sesi\u00f3n de Reiki escuch\u00e9 una voz:<\/span><\/p>\n<p><span style=\"color: #463876; font-size: large;\"><b>\u00a0<\/b><\/span><span style=\"font-weight: 400;\">\u201cV<\/span><i><span style=\"font-weight: 400;\">ete, Rosana. Al\u00e9jate del acomodamiento de pap\u00e1 y mam\u00e1. Esta vez lo vas a conseguir.\u201d<\/span><\/i><\/p>\n<p><span style=\"font-weight: 400;\">Esta vez me march\u00e9 a Barcelona.<\/span><\/p>\n<p><span style=\"font-weight: 400;\">Y volv\u00ed a acordarme de otro deseo que en mi adolescencia, le ped\u00ed a las estrellas:<\/span><\/p>\n<p><span style=\"color: #463876; font-size: large;\"><b>\u00a0<\/b><\/span><i><span style=\"font-weight: 400;\">\u201cCuando sea mayor deseo\u2026. ser Astr\u00f3loga y escritora.\u201d<\/span><\/i><\/p>\n<p><span style=\"font-family: Montserrat; font-weight: normal;\">En\u00a0 Barcelona, adem\u00e1s de trabajar para ganarme un sueldo, tuve 3 metas:<\/span><\/p>\n<p><b><\/b><\/p>\n<p><span style=\"font-weight: 400;\"><span class=\"agsdi-icon i-agsdi-ribbon\" data-icon=\"agsdi-ribbon\" style=\"font-size: 25px;\">ribbon icon<\/span>Aprender astrolog\u00eda de la mano de grandes astr\u00f3logos profesionales.<\/span><\/p>\n<p><span style=\"font-weight: 400;\"><span class=\"agsdi-icon i-agsdi-ribbon\" data-icon=\"agsdi-ribbon\" style=\"font-size: 25px;\">ribbon icon<\/span>Perfeccionar la t\u00e9cnica de la escritura, logrando transformar mi diario en dos novelas de ficci\u00f3n y experimentando una catarsis, como dicen los psic\u00f3logos.<\/span><\/p>\n<p><span style=\"font-weight: 400;\"><span class=\"agsdi-icon i-agsdi-ribbon\" data-icon=\"agsdi-ribbon\" style=\"font-size: 25px;\">ribbon icon<\/span>Seguir sanando mi relaci\u00f3n con los hombres y la percepci\u00f3n sobre mi misma.<\/span><\/p>\n<p><span style=\"font-weight: 400;\"><\/span><\/p>\n<p><span style=\"color: #463876; font-family: Montserrat; font-weight: normal;\"><b>En este \u00faltimo punto, la Astrolog\u00eda se convirti\u00f3 en un punto de inflexi\u00f3n.\u00a0<\/b><\/span><\/p>\n<p><span style=\"color: #463876; font-family: Montserrat; font-weight: normal;\"><b>En un antes y un despu\u00e9s.<\/b><\/span><\/p>\n<p>\u00a0<span style=\"font-weight: 400;\">Jam\u00e1s olvidar\u00e9 mi primera lectura de Carta natal.<\/span><\/p>\n<p><span style=\"font-weight: 400;\">En ella hab\u00eda un diagn\u00f3stico que explicaba por qu\u00e9 me relacionaba as\u00ed con las que fueron mis parejas.<\/span><\/p>\n<p>\u00a0<span style=\"font-weight: 400;\">Y por qu\u00e9 yo acababa siendo lo que ellos quer\u00edan que fuera.<\/span><\/p>\n<p>\u00a0<span style=\"font-weight: 400;\">Por qu\u00e9 me sent\u00eda ninguneada y manipulada.<\/span><\/p>\n<p>\u00a0<span style=\"font-weight: 400;\">El diagn\u00f3stico que le dio la astr\u00f3loga fue: v\u00edctima de pigmaliones.<\/span><\/p>\n<p>\u00a0<span style=\"font-weight: 400;\">Te lo explico mejor:\u00a0<\/span><\/p>\n<p>\u00a0<span style=\"font-weight: 400;\">Quer\u00eda ser aceptada y agradar a toda costa y me olvidaba de mis prioridades, de mis gustos y de mis valores, anteponiendo los de mi pareja o el chico que me gustaba.\u00a0<\/span><\/p>\n<p><span style=\"color: #463876;\"><b>Ten\u00eda dos opciones: conformarme diciendo, <\/b><b><i>\u00abes que yo soy as\u00ed\u00bb<\/i><\/b><b> o trascenderlo.<\/b><\/span><\/p>\n<p><span style=\"font-weight: 400;\">No s\u00e9 qu\u00e9 opci\u00f3n elegir\u00edas t\u00fa.<\/span><\/p>\n<p><b>\u00a0<\/b><span style=\"font-weight: 400;\">En mi caso, una escritora de novela rom\u00e1ntica que estaba dispuesta a todo por conseguir una relaci\u00f3n de pareja saludable y aut\u00e9ntica, me volv\u00ed a equivocar.<\/span><\/p>\n<p><b>\u00a0<\/b><span style=\"font-weight: 400;\">Me tom\u00e9 mi tiempo, en el que fui desarrollando mi intuici\u00f3n, mi asertividad y mi empat\u00eda, y mejorando mi confianza conmigo misma.\u00a0<\/span><\/p>\n<p><span style=\"color: #000000; font-family: Montserrat; font-weight: normal;\">Durante esa etapa decid\u00ed volver a mis ra\u00edces, Barcelona ya me hab\u00eda curtido y ya no era la misma.\u00a0<\/span><br \/><b><\/b><\/p>\n<p><b>\u00a0<\/b><span style=\"font-weight: 400;\">El amarme a m\u00ed antes que buscar el amor ah\u00ed afuera tuvo una gran recompensa, pues a los pocos meses conoc\u00ed al hombre que hoy es mi marido y padre de mi hijo.<\/span><\/p>\n<p><span style=\"color: #463876;\"><b>Yo hab\u00eda buscado por otros mares, mientras mi alma gemela me esperaba en mi tierra.<\/b><\/span><\/p>\n<p><span style=\"font-weight: 400;\">\u00bfNo te parece una preciosa paradoja?<\/span><\/p>\n<p><span style=\"font-weight: 400;\">Cuando le conoc\u00ed ten\u00eda 38 a\u00f1os, as\u00ed que jam\u00e1s tires la toalla.<\/span><\/p>\n<p><span style=\"color: #463876;\"><b>La clave est\u00e1 en no obsesionarse y amarte a t\u00ed misma, manteniendo la fe y la confianza.<\/b><\/span><\/p>\n<p><b>\u00a0<\/b><span style=\"font-size: 17px;\">\u00bfY sabes qu\u00e9?<\/span><\/p>\n<p><b>\u00a0<\/b><span style=\"font-weight: 400;\">La Carta natal puede ayudarte a mejorar las relaciones.<\/span><\/p>\n<p><b>\u00a0<\/b><span style=\"font-weight: 400;\">La interpretaci\u00f3n de una Carta natal va sujeta al nivel de consciencia y sabidur\u00eda del astr\u00f3logo.<\/span><\/p>\n<p><b>\u00a0<\/b><span style=\"font-weight: 400;\">Por eso sigo cada d\u00eda trabajando mi inconsciente, para poder aportar una visi\u00f3n elevada de tu camino.<\/span><\/p>\n<p><b>\u00a0<\/b><span style=\"font-weight: 400;\">Al percibir tu mejor versi\u00f3n, tu verdadera esencia, en cada sesi\u00f3n te ayudo de forma instant\u00e1nea a tomar las acciones necesarias para manifestar esa nueva identidad que elevar\u00e1 tu vibraci\u00f3n.<\/span><\/p>\n<p><span style=\"color: #463876;\"><b>Y que te va a llenar de paz.<\/b><\/span><\/p>\n<p><span style=\"font-weight: 400;\">Lo mejor de todo es que la vida sigue despu\u00e9s de mejorar tus relaciones, con tu identidad potenciada.<\/span><\/p>\n<p><span style=\"color: #463876;\"><b>\u00a0<\/b><\/span><span style=\"font-weight: 400;\">Conocer tu Carta natal en concreto, va a significar un punto de inflexi\u00f3n en tu vida, un antes y un despu\u00e9s.<\/span><\/p>\n<p><span style=\"color: #463876;\"><b>\u00a0<\/b><\/span><span style=\"font-weight: 400;\">Vas a descubrir cosas de t\u00ed que jam\u00e1s supiste, pero que a la vez te van a resultar muy familiares.\u00a0\u00a0<\/span><\/p>\n<p>&nbsp;<\/p>\n<p><span style=\"color: #463876;\">\u00a0<b>Haz click aqu\u00ed abajo si quieres recorrer este viaje de autoconocimiento conmigo.<\/b><\/span><\/p>\n<p>[\/et_pb_text][et_pb_button button_url=\u00bbhttps:\/\/rosanaample.com\/consulta-carta-natal\/\u00bb button_text=\u00bbquiero mi carta, Rosana \u00bb button_alignment=\u00bbcenter\u00bb _builder_version=\u00bb4.11.4&#8243; _module_preset=\u00bbdefault\u00bb custom_margin=\u00bb20px||20px||false|false\u00bb custom_padding=\u00bb||||false|false\u00bb global_colors_info=\u00bb{}\u00bb][\/et_pb_button][\/et_pb_column][\/et_pb_row][\/et_pb_section]<\/p>\n","protected":false},"excerpt":{"rendered":"<p>&nbsp; Escritora, h\u00e1bil comunicadora, emprendedora, casada y mam\u00e1 de un ni\u00f1o.A\u00a0 mis 16 a\u00f1os: \u00a0clip iconMe encantaba el mundo esot\u00e9rico. clip iconTen\u00eda muchas preguntas de las que no obtuve respuesta clip iconQuer\u00eda ser astr\u00f3loga Y a los 19 me ech\u00e9 novio y me perd\u00ed. Y la ilusi\u00f3n e inocencia de los 16 a\u00f1os se desvaneci\u00f3. [&hellip;]<\/p>\n","protected":false},"author":1,"featured_media":0,"parent":0,"menu_order":0,"comment_status":"closed","ping_status":"closed","template":"","meta":{"_et_pb_use_builder":"on","_et_pb_old_content":"","_et_gb_content_width":"","_exactmetrics_skip_tracking":false,"_exactmetrics_sitenote_active":false,"_exactmetrics_sitenote_note":"","_exactmetrics_sitenote_category":0,"_uf_show_specific_survey":0,"_uf_disable_surveys":false,"footnotes":""},"class_list":["post-31","page","type-page","status-publish","hentry"],"aioseo_notices":[],"_links":{"self":[{"href":"https:\/\/rosanaample.com\/home\/wp-json\/wp\/v2\/pages\/31","targetHints":{"allow":["GET"]}}],"collection":[{"href":"https:\/\/rosanaample.com\/home\/wp-json\/wp\/v2\/pages"}],"about":[{"href":"https:\/\/rosanaample.com\/home\/wp-json\/wp\/v2\/types\/page"}],"author":[{"embeddable":true,"href":"https:\/\/rosanaample.com\/home\/wp-json\/wp\/v2\/users\/1"}],"replies":[{"embeddable":true,"href":"https:\/\/rosanaample.com\/home\/wp-json\/wp\/v2\/comments?post=31"}],"version-history":[{"count":43,"href":"https:\/\/rosanaample.com\/home\/wp-json\/wp\/v2\/pages\/31\/revisions"}],"predecessor-version":[{"id":289935,"href":"https:\/\/rosanaample.com\/home\/wp-json\/wp\/v2\/pages\/31\/revisions\/289935"}],"wp:attachment":[{"href":"https:\/\/rosanaample.com\/home\/wp-json\/wp\/v2\/media?parent=31"}],"curies":[{"name":"wp","href":"https:\/\/api.w.org\/{rel}","templated":true}]}}